 j(-1)?
180
Let o(c) = 3*c**2 + 21*c + 101. Determine o(18).
1451
Let u(m) = 395*m - 5034. Determine u(7).
-2269
Let d(p) = 6*p**2 - 565*p - 28131. Give d(-36).
-15
Let q(r) = -r**3 + 20*r**2 + 726*r - 4014. Calculate q(5).
-9
Let w(d) = d**3 - 977*d**2 - 36467*d + 47. What is w(-36)?
11
Let z(s) = -36019*s + 72026. Give z(2).
-12
Let m(l) = 4*l**3 + 20*l**2 + 20*l - 19. Give m(-8).
-947
Let z(s) = -145242*s - 18445727. Determine z(-127).
7
Let d(m) = -6*m - 45. Calculate d(135).
-855
Let x(s) = -s**3 + 122*s**2 + 761*s + 889. Give x(128).
-7
Let t(o) = -2*o**3 + 67*o**2 - 4408*o + 137984. Calculate t(32).
0
Let k(w) = w**3 + 20*w**2 - 21*w - 196. Give k(-21).
-196
Let g(k) = -7*k**3 + 443*k**2 - 811*k - 88. What is g(2)?
6
Let b(a) = -a**3 - 15*a**2 - 38*a - 10. Calculate b(-3).
-4
Let t(z) = -24*z**2 - 3007*z - 633. Determine t(-125).
242
Let y(w) = -63*w + 720. Determine y(24).
-792
Let w(o) = 95*o**2 - 9406*o + 31. Determine w(99).
-68
Let p(x) = 8*x**3 - 40*x**2 - 47*x + 17. Give p(5).
-218
Let t(r) = 91956*r - 183913. Determine t(2).
-1
Let z(h) = -h**3 + 94*h**2 + 1270*h - 195. Calculate z(106).
-407
Let w(p) = 11*p**2 - 134*p + 205. Determine w(3).
-98
Let u(a) = -a**3 - 309*a**2 - 979*a - 18670. What is u(-306)?
-4
Let s(f) = 1114*f - 5205. Calculate s(5).
365
Let o(t) = -t**3 - 180*t**2 - 1389*t - 2349. What is o(-172)?
-113
Let q(w) = w**2 - 703*w + 103199. Calculate q(209).
-47
Let g(d) = -15*d**3 + 52*d**2 + 73*d - 194. Determine g(3).
88
Let g(b) = -21*b**2 - 115*b + 1653. Determine g(-12).
9
Let z(y) = -5*y**3 - 149*y**2 + 156*y + 20. Give z(-31).
950
Let x(l) = -562*l - 2108. Give x(-4).
140
Let k(x) = -1097*x + 131166. What is k(120)?
-474
Let r(b) = -b**3 - 119*b**2 + 1772*b + 44436. Determine r(-130).
-24
Let n(v) = 121*v**3 - 2532*v**2 - 224*v + 734. Calculate n(21).
-1
Let u(d) = -d**2 + 652*d - 95290. Determine u(222).
170
Let n(t) = -t**3 + t**2 - 7*t + 711. What is n(0)?
711
Let b(d) = -809*d - 45877. Calculate b(-57).
236
Let w(s) = 3*s**3 - 298*s**2 - 209*s + 936. What is w(100)?
36
Let u(x) = -3*x**2 - 116*x + 236. What is u(2)?
-8
Let d(p) = p**2 + 717*p + 18693. Calculate d(-27).
63
Let v(j) = -707*j**2 - 14986*j + 9. What is v(-21)?
2928
Let n(i) = -i**2 + 8476*i - 278726. Calculate n(33).
-107
Let g(w) = -9*w - 2234. Determine g(-189).
-533
Let k(j) = 844*j**2 + 835*j. What is k(-1)?
9
Let m(r) = 217*r - 10202. What is m(50)?
648
Let j(p) = -3*p**3 + 757*p**2 - 1541*p - 52213. Calculate j(250).
37
Let p(h) = 2589*h - 126496. Calculate p(50).
2954
Let f(t) = 828*t - 29197. Give f(38).
2267
Let r(l) = 2*l**3 - 43*l**2 + 202*l - 33. What is r(8)?
-145
Let k(f) = -4153*f - 78944. Calculate k(-19).
-37
Let j(c) = -2356*c - 35872. Determine j(-15).
-532
Let o(k) = 4324*k + 691852. Determine o(-160).
12
Let u(n) = -16161*n - 274727. What is u(-17)?
10
Let a(n) = n**3 - 105*n**2 - 26657*n + 218. Determine a(224).
-6
Let r(x) = 5*x**2 - 31326*x + 93962. Determine r(3).
29
Let c(j) = -4*j**2 - 2814*j + 8477. Give c(3).
-1
Let h(c) = 251*c**2 - 182734*c + 4362. Give h(728).
-6
Let m(i) = -13*i**2 - 320*i + 2396. Calculate m(6).
8
Let a(z) = -10592*z + 31776. Give a(3).
0
Let d(p) = -25269*p - 3209169. Determine d(-127).
-6
Let v(p) = 14054*p + 365405. Give v(-26).
1
Let w(l) = 748*l**2 - 7487*l + 29. What is w(10)?
-41
Let c(z) = 616*z + 64075. Determine c(-104).
11
Let b(m) = 45*m**2 + 519*m - 7. What is b(-10)?
-697
Let x(z) = -z**2 + 871*z - 11112. Give x(13).
42
Let f(d) = -29*d**2 - 6674*d + 5686. What is f(-231)?
-89
Let q(z) = 6*z**2 - 1960*z - 591. Calculate q(327).
63
Let d(h) = 64481*h - 322413. What is d(5)?
-8
Let k(n) = 1873*n - 7606. What is k(4)?
-114
Let t(r) = 2*r**2 - 1248*r + 41257. Determine t(35).
27
Let n(s) = 90*s**2 - 223*s + 116. Determine n(1).
-17
Let p(v) = -v**2 - 329*v - 9724. Determine p(-33).
44
Let z(s) = 17*s**2 + 7978*s - 5640. Calculate z(-470).
0
Let f(s) = -s**3 + 25*s**2 - 128*s - 339. Give f(20).
-899
Let w(i) = i**3 - 229*i**2 - 2376*i - 3350. Determine w(239).
-4
Let w(l) = l**2 + 220*l + 7638. Determine w(-45).
-237
Let y(x) = -10921*x + 54608. Determine y(5).
3
Let o(f) = -784*f**2 + 1247337*f + 11142. Calculate o(1591).
5
Let w(i) = -3*i**3 + 19*i**2 + 55*i - 179. Give w(-8).
2133
Let g(m) = -m**3 + 34*m**2 + 620*m - 350. What is g(47)?
73
Let r(l) = -11*l**2 - 5842*l + 17632. Calculate r(3).
7
Let r(t) = 20*t + 2411. What is r(15)?
2711
Let l(w) = 131*w**2 + 65*w - 151. Calculate l(3).
1223
Let y(j) = 677686*j + 10165284. What is y(-15)?
-6
Let z(u) = u**2 - 125*u - 3402. What is z(148)?
2
Let p(u) = 69*u**2 + 412*u - 3817. Determine p(9).
5480
Let r(h) = 868*h - 45132. Give r(52).
4
Let j(l) = 6670*l + 5155914. Calculate j(-773).
4
Let r(u) = -18*u**2 - 639*u - 4443. What is r(-26)?
3
Let k(f) = -6*f**2 + 37*f + 1407. Give k(19).
-56
Let o(b) = -3852*b + 5931. What is o(2)?
-1773
Let n(f) = -143466*f + 287101. Determine n(2).
169
Let w(r) = 22294*r - 468166. Determine w(21).
8
Let g(y) = 4*y**2 + 1491*y - 7488. Calculate g(5).
67
Let k(u) = -100*u - 446. What is k(-6)?
154
Let l(c) = c**2 - 10003*c - 6227502. Determine l(-588).
6
Let g(r) = 68*r**2 + 203*r - 272. What is g(-4)?
4
Let v(j) = 3*j**3 - 73*j**2 + 22*j - 225. Determine v(24).
-273
Let d(b) = 25*b**2 - 84*b + 81. Give d(1).
22
Let k(s) = -s**2 - 4872*s - 298217. What is k(-62)?
3
Let f(r) = -101*r**3 + 132*r**2 - 76*r - 57. Give f(1).
-102
Let h(r) = -r**3 + 25*r**2 - 314*r + 7894. Determine h(25).
44
Let l(i) = 554*i**2 + 9436*i + 322. Calculate l(-17).
16
Let d(f) = -5*f**3 - 213*f**2 - 117*f + 24. Determine d(-42).
-354
Let z(x) = -54142*x - 974546. Determine z(-18).
10
Let r(p) = -p**3 + 21*p**2 + 671*p - 12999. What is r(18)?
51
Let b(a) = -17*a**2 + 298*a + 3961. Calculate b(-10).
-719
Let t(y) = 11773*y - 295336. What is t(25)?
-1011
Let y(a) = -250*a**3 - 1471*a**2 + 182*a + 86. Calculate y(-6).
38
Let v(j) = j**3 - 34*j**2 + 322*j + 94. Give v(18).
706
Let d(s) = 4428*s + 867809. Calculate d(-196).
-79
Let q(u) = 2196*u**2 - 6562*u - 96. Give q(3).
-18
Let w(o) = 19*o**3 + 168*o**2 - 11*o + 41. Give w(0).
41
Let a(n) = -7856*n + 7817. Calculate a(1).
-39
Let d(o) = -50*o**2 + 1583*o + 4761. Calculate d(-3).
-438
Let v(u) = u**2 - 5611*u - 2353221. Calculate v(-392).
-45
Let w(z) = 2*z**3 + 177*z**2 + 10215*z + 917064. Give w(-89).
8
Let k(y) = 2*y**2 + 208*y - 73531. Determine k(147).
263
Let z(w) = w**2 + 94*w - 7405. Calculate z(-143).
-398
Let m(r) = 1472*r + 101560. Calculate m(-69).
-8
Let h(t) = 6522*t + 18043. What is h(-3)?
-1523
Let t(d) = 5*d**2 + 511*d - 3762. Give t(7).
60
Let t(o) = 124607*o + 3987410. Calculate t(-32).
-14
Let x(j) = 511*j + 199335. Calculate x(-390).
45
Let x(a) = -1638*a + 7238. Give x(5).
-952
Let b(x) = -x**3 + 3*x**2 + 9*x - 14. Determine b(-3).
13
Let o(z) = -401*z**2 + 4883*z - 48. Give o(12).
804
Let f(t) = -4459*t + 11617. Give f(2).
2699
Let w(r) = -2*r**3 - 694*r**2 + 151*r + 52371. Give w(-347).
-26
Let c(d) = -2648*d - 556075. Determine c(-210).
5
Let h(b) = 17*b + 109. What is h(-70)?
-1081
Let k(g) = 2*g**2 - 911*g - 9268. Calculate k(-10).
42
Let w(h) = -h**3 + 16*h**2 - 8798*h + 158991. Give w(18).
-21
Let m(u) = -53*u**2 - 718*u + 823. What is m(-11)?
2308
Let n(d) = -96*d**2 + 712*d - 711. What is n(1)?
-95
Let x(i) = 7*i**2 - 14677*i - 132661. Give x(-9).
-1
Let h(n) = n**2 - 11*n - 5198. Determine h(73).
-672
Let x(f) = -9*f**3 + 8822*f**2 + 114198*f - 3005. Give x(993).
-26
Let i(n) = 2*n**2 + 14095*n - 1313672. Calculate i(92).
-4
Let b(f) = f**3 + 71*f**2 - 316*f - 1197. Give b(-75).
3
Let n(u) = -24*u**2 - 3134*u - 25103. Give n(-8).
-1567
Let t(k) = 4*k**3 + 190*k**2 + 63*k + 107. Determine t(-47).
1564
Let x(n) = 3*n**2 - 7*n + 197. Determine x(20).
1257
Let y(d) = -8402*d - 3579254. Determine y(-426).
-2
Let c(x) = 3*x**3 - 23*x**2 - 12820*x + 102499. Determine c(8).
3
Let n(a) = -a**2 - 324*a - 24056. Determine n(-208).
72
Let x(h) = -h**3 - 9*h**2 + 481*h + 2529. Calculate x(-5).
24
Let j(x) = 294*x + 2607. What is j(-9)?
-39
Let c(r) = 13*r**2 + 79*r - 633. What is c(-10)?
-123
Let z(n) = -65*n**3 - 2476*n**2 - 148*n + 3054. Calculate z(-38).
14
Let u(n) = -3*n**3 - 57*n**2 - 68*n - 766. Give u(-19).
526
Let r(h) = 5312*h - 95579. Determine r